{"id":2557,"date":"2023-08-03T05:48:25","date_gmt":"2023-08-03T05:48:25","guid":{"rendered":"https:\/\/technowebstore.com\/bonemok-wordpress\/?page_id=3"},"modified":"2023-12-03T15:13:20","modified_gmt":"2023-12-03T15:13:20","slug":"privacy-policy","status":"publish","type":"page","link":"https:\/\/physiotherapiemeinken.de\/?page_id=2557","title":{"rendered":"Impressum"},"content":{"rendered":"\t\t<div data-elementor-type=\"wp-page\" data-elementor-id=\"2557\" class=\"elementor elementor-2557\">\n\t\t\t\t\t\t<section class=\"has_eae_slider elementor-section elementor-top-section elementor-element elementor-element-16c9882 elementor-section-boxed elementor-section-height-default elementor-section-height-default\" data-eae-slider=\"91462\" data-id=\"16c9882\" data-element_type=\"section\">\n\t\t\t\t\t\t<div class=\"elementor-container elementor-column-gap-default\">\n\t\t\t\t\t<div class=\"has_eae_slider elementor-column elementor-col-100 elementor-top-column elementor-element elementor-element-cf5191f\" data-eae-slider=\"46083\" data-id=\"cf5191f\" data-element_type=\"column\">\n\t\t\t<div class=\"elementor-widget-wrap elementor-element-populated\">\n\t\t\t\t\t\t<div class=\"elementor-element elementor-element-03c75b8 elementor-widget elementor-widget-text-editor\" data-id=\"03c75b8\" data-element_type=\"widget\" data-widget_type=\"text-editor.default\">\n\t\t\t\t<div class=\"elementor-widget-container\">\n\t\t\t\t\t\t\t\t\t<p><strong>Impressum<\/strong><\/p>\n<p><\/p>\n<p>Angaben gem\u00e4\u00df \u00a7 5 TMG:<\/p>\n<p><\/p>\n<p>Anja Meinken<\/p>\n<p>Physiotherapiepraxis Anja Meinken<\/p>\n<p>Von-Guericke-Allee 2<\/p>\n<p>53125 Bonn<\/p>\n<p><\/p>\n<p>Kontakt<\/p>\n<p><\/p>\n<p>Telefon: 0228-257561<\/p>\n<p>Fax: 0228-257573<\/p>\n<p>Email: praxis@physiotherapiemeinken.de<\/p>\n<p>Webseite: www.physiotherapiemeinken.de<\/p>\n<p><\/p>\n<p>Berufsbezeichnung<\/p>\n<p><\/p>\n<p>Physiotherapeuten<\/p>\n<p>Heilpraktiker f\u00fcr Physiotherapie<\/p>\n<p><\/p>\n<p>Angaben zur Berufshaftpflichtversicherung<\/p>\n<p><\/p>\n<p>Continentale Sachversicherung AG<\/p>\n<p>Ruhrallee 92<\/p>\n<p>44139 Dortmund<\/p>\n<p><\/p>\n<p>Streitschlichtung<\/p>\n<p><\/p>\n<p>Universalschlichtungsstelle des Zentrums f\u00fcr Schlichtung e.V.<\/p>\n<p>Stra\u00dfburger Stra\u00dfe 8<\/p>\n<p>77694 Kehl am Rhein<\/p>\n<p>www.verbraucher-schlichter.de<\/p>\n<p><\/p>\n<p>Wir sind nicht bereit oder verpflichtet, an Streitbeilegungsverfahren vor einer Verbraucherschlichtungsstelle teilzunehmen.<\/p>\n<p><\/p>\n<p>Aufsichtsbeh\u00f6rde<\/p>\n<p><\/p>\n<p>Gesundheitsamt Bonn<\/p>\n<p>Engeltalstr\u00dfe 6<\/p>\n<p>53111 Bonn<\/p>\n<p><\/p>\n<p>https:\/\/www.bonn.de\/vv\/oe\/_\/Dez._II\/53\/Gesundheitsamt.php<\/p>\n<p><\/p>\n<p>Berufsrichtliche Regelung<\/p>\n<p><\/p>\n<p>Physiotherapeutengesetz: http:\/\/www.gesetze-im-internet.de\/mphg\/<\/p>\n<p><\/p>\n<p>Heilpraktikergesetz: http:\/\/www.gesetze-im-internet.de\/heilprgdv_1\/<\/p>\n<ul>\n<\/ul>\t\t\t\t\t\t\t\t<\/div>\n\t\t\t\t<\/div>\n\t\t\t\t\t<\/div>\n\t\t<\/div>\n\t\t\t\t\t<\/div>\n\t\t<\/section>\n\t\t\t\t<\/div>\n\t\t","protected":false},"excerpt":{"rendered":"<p>Impressum Angaben gem\u00e4\u00df \u00a7 5 TMG: Anja Meinken Physiotherapiepraxis Anja Meinken Von-Guericke-Allee 2 53125 Bonn Kontakt Telefon: 0228-257561 Fax: 0228-257573 Email: praxis@physiotherapiemeinken.de Webseite: www.physiotherapiemeinken.de Berufsbezeichnung Physiotherapeuten Heilpraktiker f\u00fcr Physiotherapie Angaben zur Berufshaftpflichtversicherung Continentale Sachversicherung AG Ruhrallee 92 44139 Dortmund Streitschlichtung Universalschlichtungsstelle des Zentrums f\u00fcr Schlichtung e.V. Stra\u00dfburger Stra\u00dfe 8 77694 Kehl am Rhein www.verbraucher-schlichter.de Wir [&hellip;]<\/p>\n","protected":false},"author":2,"featured_media":0,"parent":0,"menu_order":0,"comment_status":"closed","ping_status":"open","template":"","meta":{"_acf_changed":false,"footnotes":""},"class_list":["post-2557","page","type-page","status-publish","hentry"],"acf":[],"_links":{"self":[{"href":"https:\/\/physiotherapiemeinken.de\/index.php?rest_route=\/wp\/v2\/pages\/2557","targetHints":{"allow":["GET"]}}],"collection":[{"href":"https:\/\/physiotherapiemeinken.de\/index.php?rest_route=\/wp\/v2\/pages"}],"about":[{"href":"https:\/\/physiotherapiemeinken.de\/index.php?rest_route=\/wp\/v2\/types\/page"}],"author":[{"embeddable":true,"href":"https:\/\/physiotherapiemeinken.de\/index.php?rest_route=\/wp\/v2\/users\/2"}],"replies":[{"embeddable":true,"href":"https:\/\/physiotherapiemeinken.de\/index.php?rest_route=%2Fwp%2Fv2%2Fcomments&post=2557"}],"version-history":[{"count":12,"href":"https:\/\/physiotherapiemeinken.de\/index.php?rest_route=\/wp\/v2\/pages\/2557\/revisions"}],"predecessor-version":[{"id":3473,"href":"https:\/\/physiotherapiemeinken.de\/index.php?rest_route=\/wp\/v2\/pages\/2557\/revisions\/3473"}],"wp:attachment":[{"href":"https:\/\/physiotherapiemeinken.de\/index.php?rest_route=%2Fwp%2Fv2%2Fmedia&parent=2557"}],"curies":[{"name":"wp","href":"https:\/\/api.w.org\/{rel}","templated":true}]}}

<div data-elementor-type="wp-page" data-elementor-id="2557" class="elementor elementor-2557">
						<section class="has_eae_slider elementor-section elementor-top-section elementor-element elementor-element-16c9882 elementor-section-boxed elementor-section-height-default elementor-section-height-default" data-eae-slider="91462" data-id="16c9882" data-element_type="section">
						<div class="elementor-container elementor-column-gap-default">
					<div class="has_eae_slider elementor-column elementor-col-100 elementor-top-column elementor-element elementor-element-cf5191f" data-eae-slider="46083" data-id="cf5191f" data-element_type="column">
			<div class="elementor-widget-wrap elementor-element-populated">
						<div class="elementor-element elementor-element-03c75b8 elementor-widget elementor-widget-text-editor" data-id="03c75b8" data-element_type="widget" data-widget_type="text-editor.default">
				<div class="elementor-widget-container">
									<p><strong>Impressum</strong></p>
<p></p>
<p>Angaben gemäß § 5 TMG:</p>
<p></p>
<p>Anja Meinken</p>
<p>Physiotherapiepraxis Anja Meinken</p>
<p>Von-Guericke-Allee 2</p>
<p>53125 Bonn</p>
<p></p>
<p>Kontakt</p>
<p></p>
<p>Telefon: 0228-257561</p>
<p>Fax: 0228-257573</p>
<p>Email: praxis@physiotherapiemeinken.de</p>
<p>Webseite: www.physiotherapiemeinken.de</p>
<p></p>
<p>Berufsbezeichnung</p>
<p></p>
<p>Physiotherapeuten</p>
<p>Heilpraktiker für Physiotherapie</p>
<p></p>
<p>Angaben zur Berufshaftpflichtversicherung</p>
<p></p>
<p>Continentale Sachversicherung AG</p>
<p>Ruhrallee 92</p>
<p>44139 Dortmund</p>
<p></p>
<p>Streitschlichtung</p>
<p></p>
<p>Universalschlichtungsstelle des Zentrums für Schlichtung e.V.</p>
<p>Straßburger Straße 8</p>
<p>77694 Kehl am Rhein</p>
<p>www.verbraucher-schlichter.de</p>
<p></p>
<p>Wir sind nicht bereit oder verpflichtet, an Streitbeilegungsverfahren vor einer Verbraucherschlichtungsstelle teilzunehmen.</p>
<p></p>
<p>Aufsichtsbehörde</p>
<p></p>
<p>Gesundheitsamt Bonn</p>
<p>Engeltalstrße 6</p>
<p>53111 Bonn</p>
<p></p>
<p>https://www.bonn.de/vv/oe/_/Dez._II/53/Gesundheitsamt.php</p>
<p></p>
<p>Berufsrichtliche Regelung</p>
<p></p>
<p>Physiotherapeutengesetz: http://www.gesetze-im-internet.de/mphg/</p>
<p></p>
<p>Heilpraktikergesetz: http://www.gesetze-im-internet.de/heilprgdv_1/</p>
<ul>
</ul>								</div>
				</div>
					</div>
		</div>
					</div>
		</section>
				</div>

<p>Impressum Angaben gemäß § 5 TMG: Anja Meinken Physiotherapiepraxis Anja Meinken Von-Guericke-Allee 2 53125 Bonn Kontakt Telefon: 0228-257561 Fax: 0228-257573 Email: praxis@physiotherapiemeinken.de Webseite: www.physiotherapiemeinken.de Berufsbezeichnung Physiotherapeuten Heilpraktiker für Physiotherapie Angaben zur Berufshaftpflichtversicherung Continentale Sachversicherung AG Ruhrallee 92 44139 Dortmund Streitschlichtung Universalschlichtungsstelle des Zentrums für Schlichtung e.V. Straßburger Straße 8 77694 Kehl am Rhein www.verbraucher-schlichter.de Wir [&hellip;]</p>
